Let u be (12/t + 1)*3. What is x(u)?
-14
Let n(j) = 4*j. Let f(c) = -9*c + 7. Let y(q) = f(q) + 2*n(q). Let m be (-205)/(-20) - 2/8. Let r = 16 - m. Determine y(r).
1
Let u(k) = 16*k**3 + 61*k**2 + 17*k - 50. Let v(d) = 3*d**3 + 12*d**2 + 3*d - 10. Let x(s) = -2*u(s) + 11*v(s). Give x(-10).
0
Let c(s) = -5*s - 1. Let z be 1836/(-234) + (-2)/13. Let i be ((-6)/z)/(1/4). Suppose 0 = 5*u, h + i*u = 2*h + 3. Determine c(h).
14
Let n(p) = -p**3 + p**2 - p. Let l(i) be the third derivative of -i**5/60 + i**4/4 - 4*i**3/3 + 14*i**2. Let s be l(4). What is n(s)?
0
Let k(l) = -192*l + l**2 + 0 - 6 + 188*l. What is k(-3)?
15
Let u(l) = -3*l. Let c(n) = -4*n + 5. Let z(h) = 3*c(h) - 3*u(h). Give z(5).
0
Let m(j) be the second derivative of j**5/20 - j**4/4 + j**3/6 - j**2/2 - 5*j. Let h(y) = y**2 - 3*y + 4. Suppose 2 = 5*n - 4*n. Let z be h(n). Give m(z).
-3
Let i(r) = 4*r**2 + 6*r - 5. Let g(l) be the third derivative of l**5/20 + 5*l**4/24 - 2*l**3/3 - 11*l**2. Let m(s) = 5*g(s) - 4*i(s). What is m(0)?
0
Let y(s) = 17*s + s**2 + 12*s + 3*s**3 - 30*s - 1. Suppose -w + 4 = 5. What is y(w)?
-2
Let r(l) be the first derivative of 8*l**3/3 - l**2/2 - 203. Determine r(1).
7
Suppose 2*m + 26 = 3*z, 2*m = -0*m - 2*z - 46. Let l(j) = j + 19. Calculate l(m).
0
Let j(z) = -2*z**2 - 2*z + 4. Suppose -5*c = 2*c - 28. Let y(k) = 1 - k**2 - 1 + 2*k + 5. Let g be y(c). What is j(g)?
-8
Let s(i) = i**2 - i - 8. Let t = -29 - -34. Suppose -2*k = -m + 8 + 3, 0 = t*m - 5. Let r be 0/(k*2/(-5)). What is s(r)?
-8
Let j(o) = o + 19. Let v(z) = -2*z - 48. Let q(x) = 12*j(x) + 5*v(x). Let f(s) = 4*s - 22. Let h(d) = 4*f(d) - 7*q(d). Calculate h(-5).
-14
Let r(w) be the second derivative of 1/120*w**5 + 6*w - 4/3*w**3 + 1/12*w**4 + 0 + 0*w**2. Let o(a) be the second derivative of r(a). Determine o(2).
4
Suppose 4*h - 45 = 5*r, -7*r - 10 = -6*r - h. Let g(y) = y**3 + 5*y**2 + 2*y + 4. Calculate g(r).
-6
Suppose 5*k = -0*k + 10. Let a(d) = 6*d**3 + d**3 - 6*d**3 + 1 + k*d**2 + 3*d. Calculate a(-2).
-5
Suppose 5*k - k = 0. Suppose 2*d - d - 20 = k. Let l(h) = 6 - d*h - 23*h + 41*h. Calculate l(6).
-6
Let v(g) = -7*g + 1. Let x(m) = -m**2 - 2*m + 1. Let i be x(4). Let y be 2 - -5 - (i - -3)/(-5). Calculate v(y).
-20
Let i(v) = -v**3 - 7*v**2 - 6*v + 3. Suppose 2 - 10 = -4*c. Let o = 1 + c. Let g = o - 9. Give i(g).
3
Let a(b) be the third derivative of b**6/120 + b**5/60 - b**4/24 - 11*b**3/6 - 250*b**2. Calculate a(0).
-11
Let y(t) = 2*t + 1. Suppose 5*k = -3*a + 4*a + 11, -3*k = -3*a + 3. Let u be 28/35 + a/20. Determine y(u).
3
Let z(s) = s**3 - 5*s**2 - 6*s. Suppose d + 5*q + 23 = 4*d, 3*d = -q + 17. Let p be z(d). Let j(m) = -m + 13. What is j(p)?
13
Let c be (-5)/(-10) + (-1 - 14/(-4)). Let k(g) = -3 + g + g**2 - 3*g**3 - 2 + c. Give k(-2).
24
Let h(x) = -8*x - 6. Let m be h(-9). Let d(y) = m - 4*y - y**2 - 36 - 3*y**2 - 33 - y**3. What is d(-2)?
-3
Let z(o) = 27 - o**2 - 8 + 38*o - 38*o - 14. Give z(4).
-11
Let u(x) = -x**3 + 6*x**2 + x - 2. Let p be u(6). Suppose 3*s = 0, -3*t - p*s - 18 = -5*s. Let b = 8 + t. Let r(z) = 4*z - 3. What is r(b)?
5
Let t(w) = -2*w + 4. Suppose -69 = -4*o + 27. Let i be (-27)/(-36) + (-315)/(-12). Let f = i - o. Calculate t(f).
-2
Let i(s) be the second derivative of 19*s**5/20 + s**4/12 + s**3/3 + s**2/2 + 2*s. Suppose 17878*a = 17888*a + 10. Give i(a).
-19
Let w(d) = -d**3 + 6*d**2 - 6*d + 6. Let r be w(5). Let o be (-4*r)/((-14)/(-7)). Let y(f) = -2 - 2*f + 4*f - 3*f + 3*f. What is y(o)?
-6
Let j(a) = -15*a**2 - 14*a - 1. Let l(r) = -14*r**2 - 12*r - 1. Let w(u) = -6*j(u) + 7*l(u). What is w(-1)?
-9
Let z = -13 + 7. Let s(n) = -n**3 - 6*n**2 - 6*n - 2. Let q(k) = -k - 1. Let b(y) = 5*q(y) - s(y). Calculate b(z).
-9
Let w(i) = 3*i**2 + 3*i - 7. Let d(l) = 4*l**2 + 4*l - 8. Let p(o) = 4*d(o) - 5*w(o). Suppose 2*g - 2*z - 4 = 0, -4*g - 5*z - 37 = -0*g. Give p(g).
9
Let a(o) = -o**2 + 9 + 1 - 13 - 4*o. Determine a(-3).
0
Let l(b) = -5 + 19*b + b**2 + 5*b - 5 + 7*b - 19*b. What is l(-14)?
18
Let y(z) = 9 + 2*z - 1 - 2*z + 4 - 2*z. Give y(9).
-6
Let x(l) = -l - 5. Suppose 10*i = 12*i + 12. What is x(i)?
1
Let l(t) = -t**2 - 4*t + 2. Suppose 0 = -18*n + 13*n - 25. Determine l(n).
-3
Let m be (8/12)/((-2)/(-6)). Let s(g) = -g + g + 3 - m*g + 4*g**2. Suppose 39*w + 24 = -356*w + 814. Calculate s(w).
15
Suppose -u = -5*o + 2*u + 216, 6 = -3*u. Let l(d) = 5*d - 4*d**2 + 35 + 3*d**2 - o. Give l(5).
-7
Let a be 3 + ((-3)/3 - -2). Let m(z) = 0 - a + 5*z - 4*z + 3. Calculate m(6).
5
Let j = 5 - 3. Suppose 0 = -j*x - 2*x - 20. Let c(z) = -3*z**3 + 3*z**2 + z + 5. Let v(a) = 2*a**3 + a**2 - a + 1. Let o(t) = c(t) + 2*v(t). What is o(x)?
12
Suppose 4*m - 77 = -7*m. Let a(n) be the first derivative of -n**2 + 7*n - 2. What is a(m)?
-7
Let d(j) = -21*j - 6. Let m be d(0). Let u(x) = x**3 + 7*x**2 + 7*x + 5. Give u(m).
-1
Let m(j) be the third derivative of 0*j + j**2 + 7/6*j**3 + 5/24*j**4 + 1/12*j**5 + 0 - 1/120*j**6. Let x(h) = 50*h + 706. Let o be x(-14). Calculate m(o).
1
Let l(s) be the third derivative of 1/12*s**4 + 3/2*s**3 + 0 + 2*s**2 + 0*s. Determine l(-7).
-5
Let j(k) = -9*k - 1. Suppose -5*a - 5*q = -30, 0 = 4*q - 2*q - 10. Determine j(a).
-10
Let h be (-6)/(-9) - 13/(-3). Let i = h + -10. Let b(o) = -o + 5*o + o**3 + 42247*o**2 + 1 - 42241*o**2. Calculate b(i).
6
Let g(p) = p - 6. Let b be (8 + -3)*(-24)/(-20). Let k be 0 + b - (-2 + 2). What is g(k)?
0
Let q(i) be the third derivative of 0*i**4 + 0 + 1/30*i**5 + 0*i - 1/2*i**3 + 6*i**2. Give q(-3).
15
Let q(l) = l**2 - l + 2. Let t(p) = 2*p**2 - 11*p - 2. Let s(c) = 3*q(c) - t(c). Determine s(-5).
-7
Let v(n) = n**3 - 3*n**2 - 2*n + 7. Let l be v(2). Let q(x) = -18*x**3. Calculate q(l).
18
Let r = 2655 - 2640. Let m(a) = -a**3 + 14*a**2 + 17*a - 22. Give m(r).
8
Let q(d) = 6*d - 6 + 0*d + 19 - d**2 - 3 - 16. What is q(3)?
3
Let y(h) = -h**3 + h**2 - h - 5. Let x be y(0). Let j(v) be the second derivative of 3/2*v**2 - 3*v - 1/12*v**4 + 0 - 2/3*v**3. Determine j(x).
-2
Let w(r) = 2*r**2 - 4*r + 1. Let s = -1287 - -1291. What is w(s)?
17
Let q(i) = -27*i**2 + 29*i**2 - 126 + i**3 + 127. Determine q(2).
17
Let d(k) = -3*k - 82 + 4*k + 89. Give d(-8).
-1
Let s(q) = q**3 + 3*q**2 - q - 3. Let l be s(-3). Let g(m) = l - 6 + 9 + 3*m. Let w = -2 + -1. What is g(w)?
-6
Let t(y) = 11*y - y**2 - 3 - y**3 + 11*y - 25*y. Suppose 23 = -4*r + 5*k, 0 = -r + 2*r + k - 1. Determine t(r).
7
Suppose 0 = -4*u + 5*i - 3*i + 8, -3*u + 6 = i. Suppose -4*w + 12 = 2*f, 0 = -4*w + u*f + 7 - 3. Let g(s) = 0*s - s + 3*s + w. Determine g(-4).
-6
Let c(p) = 2*p. Let j(o) = -2*o**2 - 10*o - 30. Let x(n) = -3*n**2 - 10*n - 31. Let s(v) = -4*j(v) + 3*x(v). Let q be s(12). Determine c(q).
6
Let q be (32 + -31)*2/((-2)/(-3)). Let x(s) = 7*s - 13. Determine x(q).
8
Let h(y) = y + 8. Suppose -5*k + 247 = -2*t + 6*t, -t + 5*k = -43. Suppose -4*r = t + 54. Let v = -33 - r. Determine h(v).
3
Let w be 19/7 + 4/14. Suppose -x = -2*d - 1 + 9, -w*x = -5*d + 22. Let g(n) = -3*n**2 - 5 + n**2 - 6*n + 3. What is g(x)?
-10
Suppose 6*g - g + 4*q - 23 = 0, -4*q + 8 = 0. Let f(k) = -4*k - 1. Let p(x) = 7*x + x - 5*x. Let h(b) = -3*f(b) - 5*p(b). Determine h(g).
-6
Let j(b) be the second derivative of b**3/6 + 13*b**2/2 + 2*b + 501. Let y(w) = 2*w - 1. Let u be y(-3). Give j(u).
6
Let k be (-10)/(-8) - (-161)/28. Let u be (48/7)/(-4) + (-2)/k. Let b(s) = -s + 1. Calculate b(u).
3
Suppose -3*t + 3 = -3*v, t - 2*t - 2*v + 13 = 0. Let h(s) = -4*s**3 + 3*s**2 - 3*s - 7. Let m(a) = -a**3 - 1. Let b(l) = t*m(l) - h(l). Give b(-3).
-7
Let h(u) = 3555 - 3573 - u + 2*u. Let f = -4 + 7. Suppose 1 + 3 = f*p + 2*q, 2*p = 3*q - 6. Give h(p).
-18
Let n(f) = -7*f + 17. Let i(m) = 79*m - 39*m - 36*m - 8. Let a(k) = 5*i(k) + 3*n(k). Give a(7).
4
Let f(r) be the third derivative of -18*r**2 - 1/2*r**3 + 5/24*r**4 + 0*r + 0. Calculate f(3).
12
Let p(k) = k**2 + 11*k + 7. Suppose 0 = -3*w + 2*i - 41, 2*w - 8 = -2*i - 22. Give p(w).
7
Let m(r) = 7*r - 11. Let x be m(3). Let o(f) = -x - 5 - 1 - 4*f + f**2 + 10. Determine o(5).
-1
Let k(b) be the first derivative of b**2/2 + 6*b - 2. Let i be (-1 - 0)*1 - -1. Suppose 0 = -i*j - 4*j. Determine k(j).
6
Let c(g) = 3*g - 2 + 0 + 0*g + 9. Let z = -47 + 41. What is c(z)?
-11
Let r(q) = q**2 + 11*q - 3. Let s be ((-3)/6)/(